o.
6
Let v = -218 + 268. Suppose -5*b - 5*b = -v. What is the highest common divisor of 10 and b?
5
Suppose -4*o = -3*n - 3, -o + 3*o + 3*n = 15. Suppose 5*t - o*w - 13 = 374, 4*t - 284 = -4*w. Let d = -48 + t. What is the greatest common divisor of d and 54?
27
Let r(h) = -h**2 - h + 2. Let q be r(-5). Let s be (q/8)/((-3)/80). What is the highest common factor of s and 180?
60
Let a be (0 + 2)*62/4. Let i be ((0 + 8/(-12))/(-2))/(41/61008). What is the greatest common factor of i and a?
31
Suppose 15*m - 5266 + 5176 = 0. Let a(b) = 3*b**2 + 2*b - 6. Let o be a(-6). What is the highest common factor of o and m?
6
Let y be (-3)/(-21)*-15185 + (-2)/(-7). Let s be 4/6 - y/27. Let n = 87 - s. What is the greatest common factor of n and 54?
6
Let d(b) = -2*b**3 + 2509. Let j be d(0). Calculate the greatest common divisor of 26 and j.
13
Let u(k) = 2*k - 12. Let h be u(5). Let y be 5 + h + 603 + 3. Suppose -159 = -3*g + y. Calculate the highest common divisor of g and 16.
16
Let r be ((-18018)/(-455))/(15/1250). Calculate the highest common divisor of 396 and r.
132
Suppose 7*v - 1271 = -291. Let p be (-7)/(v/(-16)) + (-2305)/(-25). What is the highest common divisor of p and 31?
31
Suppose -21*k - 939 = -17697. What is the highest common divisor of k and 168?
42
Suppose -195 - 65 = -5*f. Suppose -51*z + 72136 = 53572. Calculate the highest common divisor of f and z.
52
Suppose 6*n = 275 - 53. Suppose -3*r - 28 + 92 = q, 5*r - 107 = -2*q. Suppose -s = o - 0*s - r, -5*s + n = o. What is the greatest common divisor of o and 136?
17
Let d be (-1)/(1/1) - -11. Suppose 0*c - 2*b + 2188 = 4*c, 0 = 3*c - b - 1646. Let y be (-2)/9 + c/36. Calculate the greatest common divisor of y and d.
5
Let l = 7677 - 7623. Calculate the greatest common factor of l and 3267.
27
Let y be 2 + -5 + 1*(-6)/2 - -60. What is the highest common factor of y and 9018?
54
Let v(x) = -9*x**2 + 8*x**2 + 20*x - 10 + 34. Let d be v(10). What is the greatest common divisor of d and 310?
62
Suppose 34*v = 173*v - 170275. What is the highest common factor of v and 75?
25
Suppose -4*z + 211 - 59 = -2*k, z + 5*k = 27. Suppose 0*s = 5*s - 555. What is the greatest common factor of s and z?
37
Let h(n) = n**3 + n**2 - 5*n + 10. Let b be h(0). Suppose 495 = 4*a - 3*k, 6*a + 498 = b*a - 2*k. Calculate the highest common divisor of a and 18.
18
Let x(z) = 3*z**3 + 16*z**2 - z - 4. Let q be x(-3). What is the greatest common factor of q and 60574?
62
Suppose 45*p + 58*p = 2060. Let x be 222/18 - 1/3. What is the highest common factor of p and x?
4
Suppose 3*n = -21*n + 312. Let j = 5 - 9. Let r be (-20)/j + -3 + n. Calculate the greatest common divisor of r and 6.
3
Suppose 6*j - 199 = 573 + 212. What is the greatest common factor of j and 369?
41
Let z = -96 + 109. Let b(q) = q**2 - 17*q + 52. Let p be b(z). Suppose -j + 5*u + 0 = -2, p = -3*j - 3*u + 24. What is the greatest common divisor of 63 and j?
7
Let b = -4152 + 4188. What is the highest common factor of 1746 and b?
18
Let z be (1 - 15)*(0 - 10). Suppose 7*a = 2*a + z. Suppose 0 = 1805*i - 705*i - 7700. What is the highest common divisor of a and i?
7
Suppose 21*n - 12414 = 17*n + 5*p, 0 = -3*n - 5*p + 9258. What is the highest common divisor of 129 and n?
129
Let b be ((-14)/8)/((-63)/28 + 2). Let q be 4 - (1 + (b - 4)). Suppose q*y + 3*y - 243 = 0. Calculate the greatest common factor of y and 27.
27
Let t(s) = -18*s - 3. Let r be t(2). Let i = r - -46. Suppose -i*g + 100 = -3*g. What is the greatest common divisor of 10 and g?
5
Let f be (-12 - -13)/((-1)/(-13)). Let m be (-2)/(-12) - 2/12. Suppose -16*y + f*y + 648 = m. Calculate the highest common divisor of 24 and y.
24
Suppose -2*q - 90 = -4*x, -2*x + 0*q + 42 = -2*q. Let p = 130 - 89. Suppose -p = -5*k - u, 0 = -5*u + 5. What is the greatest common divisor of x and k?
8
Let w(s) = 3*s + 40. Let r be w(-14). Let u be ((-1)/(-15)*-6)/(r/70). What is the highest common divisor of u and 266?
14
Suppose 18*x = 2*x + 3440. What is the highest common divisor of 1591 and x?
43
Suppose 4*b - 163 - 786 = -5*i, -3*b = -4*i - 673. Let r = b - 141. What is the greatest common factor of 18 and r?
18
Let j = 379 - 325. Let u be 2 - (40/(-4))/(2/j). What is the highest common factor of 17 and u?
17
Let r be -2 + 1/5 + 378/10. Let g = r + -32. Let z be 32/12*186/g. Calculate the highest common factor of z and 31.
31
Let f = 15519 - 15287. Calculate the highest common factor of f and 493.
29
Suppose -11*i + 14*i - 30 = 0. Suppose 0 = 3*n - a - 5, n = 4*a + 30 - i. Suppose -25*z + 27*z - 46 = n. Calculate the greatest common factor of 253 and z.
23
Let t = 2624 - 2414. Calculate the greatest common factor of t and 180.
30
Suppose 0 = -6*d + d + 25. Suppose 182 = -8*i + 1798. Suppose d*s - 697 = -i. What is the greatest common factor of s and 11?
11
Let v(d) = 3*d - 1. Let n(z) be the third derivative of z**4/6 - 5*z**2. Let w be n(1). Let t be v(w). Calculate the highest common divisor of t and 121.
11
Let s = -406 + 226. Let w = s + 205. Calculate the greatest common divisor of w and 1.
1
Let p be 1/(-2)*1*-108. Suppose 6*x - p - 30 = 0. Suppose -x*b + 348 = -10*b. Calculate the greatest common divisor of 29 and b.
29
Let v = 258 + -238. Let o(j) = -2*j**2 + 17*j - 5. Let w be o(12). Let l = 189 + w. Calculate the highest common divisor of v and l.
20
Let t = -145 - -219. Let m = t + 216. What is the highest common factor of m and 58?
58
Suppose -58*c - 525 = -1627. What is the highest common divisor of 5263 and c?
19
Suppose -5*a = -l + 155, 4*a + 630 = 5*l + 8*a. Suppose -d - 5*c - 38 = 0, 5*d = 3*c + 5 - 83. Let t = 28 + d. Calculate the greatest common divisor of l and t.
10
Let t = -134 - -136. Let v = 13 + 10. Suppose -v = t*p - 135. Calculate the highest common factor of p and 16.
8
Let l(o) = -o**3 + 13*o**2 + 16*o - 20. Let d be l(14). Suppose 4*q = -d*q + 648. Calculate the greatest common factor of 27 and q.
27
Suppose -2*p + 3*f = -126, 2*f + 38 = -p + 122. What is the greatest common divisor of 1896 and p?
24
Let n = 24248 - 24205. What is the greatest common divisor of n and 6751?
43
Let d be ((-161)/35 + 5)/(1/5). Suppose d*w = -2*w + 36. Let x be 2/w*15*(-12)/(-5). Calculate the greatest common divisor of 24 and x.
8
Suppose -6*s + 7569 = 3*s - 4*j, -4*j + 0*j = 0. Calculate the greatest common factor of 145 and s.
29
Let o be (32 + -19 - -13)/((-4)/(-538)). Calculate the highest common divisor of o and 13.
13
Suppose -208 = -4*o - 4*h, -o + 5*h + 55 = 3. Calculate the greatest common divisor of 56524 and o.
52
Let z = -5 + 5. Suppose 0 = 3*a + 7 - 19, a + 29 = -3*w. Let m = z - w. Calculate the highest common divisor of m and 121.
11
Let s = 11 - 3. Let z be 4/(((-52)/(-32))/13). What is the greatest common divisor of z and s?
8
Let c = 52 - 45. Let q(x) = -x**2 + 7*x + 2. Let f be q(c). Suppose 2*z + p = 29, 2*z + f*z - 79 = 5*p. Calculate the highest common factor of z and 40.
8
Suppose -3*c - 27 + 36 = 0. Suppose 4*w = -w + 5*a + 20, 2*w - 28 = -c*a. Let r = 30 - -34. Calculate the highest common divisor of r and w.
8
Suppose -12*w = 58 - 142. Suppose 4*k + 2*n = 84, -k + 2*n + 42 = k. What is the highest common factor of k and w?
7
Suppose 5*p + 7 = 42. Let x be 2 - 0/((-15)/(-5)). Suppose 0 = x*l + 10 - 66. Calculate the greatest common divisor of p and l.
7
Let x = 10573 - 10437. What is the greatest common factor of 3264 and x?
136
Suppose -35*u - 23*u + 533 = -569. What is the greatest common divisor of 2489 and u?
19
Suppose 24*b = 28*b, 5*r - 4*b = 525. Calculate the greatest common divisor of r and 2065.
35
Let c(o) = -103*o + 7370. Let l be c(71). Calculate the highest common factor of 9101 and l.
19
Let l(b) = -11*b + 1998. Let d be l(43). Calculate the highest common factor of d and 610.
305
Let m(f) = -20 + f**2 - 2 - 10*f + 5 - 5. Let a be m(16). Calculate the highest common divisor of 259 and a.
37
Suppose 9*d + 524 + 574 = 0. Let k = d - -129. Calculate the greatest common divisor of 14 and k.
7
Let k be (2 - 168/9)*-3. Let r(n) = 29*n**2 + 208*n - 17. Let t be r(-8). What is the greatest common factor of k and t?
25
Let l(b) = 14*b + 18. Let y be l(0). Calculate the greatest common divisor of 162 and y.
18
Let z be (24/(-18) - -3)*-3. Let p be 5 - (1 + 3